76. What is a(119)?
948
Let c(q) = -94*q**2 - 40*q + 46. What is c(-3)?
-680
Let h(y) = y + 1461. Determine h(-78).
1383
Let g(i) = i**3 + 932*i**2 - 10362*i - 1. Give g(11).
120
Let t(z) = -1217*z - 151735. Determine t(-125).
390
Let z(j) = 2*j**2 + 554*j - 65154. What is z(-366)?
-6
Let n(y) = 16*y**2 + 36*y + 7. Calculate n(-2).
-1
Let d(t) = 222884*t - 1337298. Determine d(6).
6
Let t(d) = -392*d + 4098. What is t(11)?
-214
Let d(b) = -25*b**3 + 14*b**2 - 31*b + 14. Determine d(3).
-628
Let a(d) = -6*d**3 - 14*d**2 - 7*d + 8. Give a(-1).
7
Let b(f) = -f**3 + 19*f**2 - 100*f + 777. Give b(16).
-55
Let r(m) = -19*m**2 + 298*m - 259. Determine r(-5).
-2224
Let x(u) = 11*u**2 - 1402*u - 63742. Determine x(163).
-9
Let t(s) = 7040*s**2 - 56315*s - 46. Give t(8).
-6
Let l(c) = -7*c**2 - 729*c - 9951. Calculate l(-88).
-7
Let o(q) = q**2 + 101*q - 14408. What is o(74)?
-1458
Let h(g) = 30*g**3 - 4*g**2 + 23*g + 30. Calculate h(-2).
-272
Let x(c) = c**3 - 15*c**2 - 248*c - 1493. Determine x(-13).
-3001
Let q(d) = d**2 + 2331*d - 70967. Determine q(30).
-137
Let t(h) = -4618*h - 45399. Calculate t(-10).
781
Let t(h) = -2*h**2 + 259*h - 120. Calculate t(129).
9
Let b(r) = 1792*r - 2010. Determine b(1).
-218
Let d(z) = -396*z + 15247. Give d(36).
991
Let v(n) = 9*n**2 + 762*n + 2736. What is v(-80)?
-624
Let f(y) = 3*y**3 - 72*y**2 - 197*y + 806. What is f(26)?
-260
Let f(p) = 7*p**3 + 66*p**2 - 71*p + 42. Give f(-10).
352
Let o(d) = -7*d**3 + 1763*d**2 + 266*d - 3547. What is o(252)?
-19
Let l(u) = 3*u**3 - 1492*u**2 + 1885*u + 49102. Give l(496).
-2
Let c(z) = -2845*z + 9468. What is c(3)?
933
Let u(o) = 7667*o + 54908. Give u(-7).
1239
Let t(g) = 5*g**3 - 4*g**2 + 19*g - 166. What is t(6)?
884
Let t(c) = 145*c - 23735. What is t(164)?
45
Let w(m) = m**2 + 104*m - 989. Give w(13).
532
Let w(z) = 26482*z - 9. Calculate w(0).
-9
Let r(b) = 3*b**3 + 2*b**2 - 126*b - 1831. Determine r(10).
109
Let k(o) = -49*o - 17548. Calculate k(-358).
-6
Let n(u) = 106*u**2 - 684*u - 18. Determine n(5).
-788
Let o(l) = -9502*l - 38193. Give o(-4).
-185
Let o(u) = -u**2 + 1879*u + 330613. Calculate o(-162).
-29
Let f(o) = -6*o**2 + 2108*o + 39214. Calculate f(369).
100
Let v(y) = -26*y**3 - 14140*y**2 + 2156*y - 10884. Calculate v(-544).
-4
Let q(f) = 8971*f - 52866. What is q(6)?
960
Let a(z) = -z**3 - 65*z**2 + 86*z + 349. Give a(3).
-5
Let w(u) = u**2 + 489*u + 5103. What is w(-10)?
313
Let u(k) = -50*k**3 - 4*k**2 + 200*k - 195. Give u(1).
-49
Let n(j) = -42*j**2 + 755*j + 3082. What is n(-4)?
-610
Let b(g) = -60854*g + 425967. Calculate b(7).
-11
Let y(j) = 5215*j - 73020. Calculate y(14).
-10
Let t(r) = 3*r**2 - 18826*r + 300590. Give t(16).
142
Let f(i) = i**3 - 112*i**2 + 28*i + 32463. Determine f(109).
-128
Let l(d) = -124*d**2 + 566*d - 1. Calculate l(3).
581
Let m(r) = r**2 - 3366*r - 37142. Determine m(-11).
5
Let o(l) = -500*l + 102551. Determine o(205).
51
Let b(j) = -67*j + 3044. Give b(49).
-239
Let p(b) = -8*b**3 - 3*b**2 + 165*b - 328. Determine p(2).
-74
Let r(n) = 3*n**3 - 157*n**2 + 241*n + 12216. Give r(49).
15
Let a(k) = -111*k**2 - 790*k - 72. Determine a(-7).
19
Let s(l) = -48765*l + 1365425. Calculate s(28).
5
Let l(n) = 20*n**2 - 327*n - 3275. Calculate l(-7).
-6
Let h(c) = 118*c - 14172. Determine h(121).
106
Let b(a) = -4*a**2 + 1152*a + 37825. What is b(318)?
-335
Let b(c) = -3*c**3 + 17*c**2 + 8*c - 202. What is b(6)?
-190
Let p(c) = -4938*c + 6053945. What is p(1226)?
-43
Let r(y) = 6122*y + 12246. Give r(-2).
2
Let q(u) = -14*u**2 + 303*u - 2932. Determine q(10).
-1302
Let u(z) = 17021*z + 16903. Determine u(-1).
-118
Let u(b) = -b**3 - 134*b**2 - 649*b - 25. What is u(-5)?
-5
Let m(h) = -193*h**2 - 12197*h - 2373. What is m(-63)?
21
Let w(m) = -2421*m**2 + 84725*m + 174. Give w(35).
-176
Let h(p) = 7*p**2 - 12*p - 642. Give h(10).
-62
Let r(c) = 2055*c**2 + 73987*c + 248. What is r(-36)?
-4
Let t(w) = -284*w - 19904. What is t(-70)?
-24
Let u(o) = -o**2 - 72*o + 368. Give u(5).
-17
Let f(g) = -g**3 - 2*g**2 + 663*g + 4385. What is f(-7)?
-11
Let x(t) = -106*t - 162. Give x(8).
-1010
Let c(w) = 304532*w + 3349852. What is c(-11)?
0
Let f(q) = -q**2 - 39589*q + 356334. Calculate f(9).
-48
Let j(f) = -2453*f - 213475. What is j(-87)?
-64
Let g(i) = -i**2 - 251*i + 196266. Give g(335).
-44
Let x(y) = 242*y - 4240. Determine x(18).
116
Let f(x) = -14*x**2 + 200*x - 83. Give f(16).
-467
Let v(h) = h**3 + 64*h**2 - 881*h - 67285. What is v(-60)?
-25
Let x(f) = -f**3 + 31*f**2 + 9857*f + 352. Calculate x(116).
4
Let d(a) = -16*a**2 - 122*a + 382. Give d(-10).
2
Let r(f) = -21*f**3 - 127*f**2 - 94*f - 55. What is r(-8)?
3321
Let u(o) = o**2 + 859*o - 55184. Determine u(60).
-44
Let s(l) = 6*l**3 + 40*l**2 + 164*l - 7. Give s(-5).
-577
Let z(i) = 490*i**2 + 649*i - 5246. Give z(-4).
-2
Let a(s) = 1541*s + 6211. Determine a(-4).
47
Let w(g) = g**3 + 45*g**2 - 122*g + 931. Give w(-48).
-125
Let q(i) = -169*i**3 - 120667*i**2 - 712*i + 1415. Calculate q(-714).
-13
Let j(h) = -134*h**2 + 584*h + 5611. Determine j(9).
13
Let o(u) = -23*u**2 + 266*u + 6. Give o(9).
537
Let l(n) = 3*n**2 + 1838*n - 53796. Give l(28).
20
Let y(t) = 275*t + 3146. What is y(-13)?
-429
Let m(h) = 73*h**2 - 619*h - 695. Determine m(-1).
-3
Let z(n) = 2148*n - 10617. Calculate z(2).
-6321
Let q(b) = -885*b + 11514. What is q(13)?
9
Let a(k) = -17927*k - 6059282. Give a(-338).
44
Let f(k) = 15263*k + 351100. Calculate f(-23).
51
Let v(i) = -58*i + 13236. What is v(228)?
12
Let a(o) = -5*o**2 - 72*o + 17290. Give a(52).
26
Let s(g) = 35469*g + 532033. Give s(-15).
-2
Let o(m) = -m**3 + 119*m**2 - 2425*m + 645. Calculate o(93).
-6
Let i(b) = -1232*b + 401639. Calculate i(326).
7
Let q(k) = -113*k**2 + 3859*k + 3365. What is q(35)?
5
Let j(a) = -a**3 - 10*a**2 - 45*a - 38. Determine j(-2).
20
Let w(y) = y**3 - 34*y**2 - 495*y + 14988. What is w(35)?
-1112
Let a(m) = 156*m**2 + 15004*m + 2679. Calculate a(-96).
-9
Let l(n) = 3*n**3 - 141*n**2 - 292*n + 19. Give l(49).
117
Let z(i) = i**3 - 15220*i**2 + 1496980*i - 92. Give z(99).
7
Let l(h) = h**3 - h**2 - 1337*h + 3999. What is l(3)?
6
Let o(g) = -26*g**2 + 2394*g - 2540. Determine o(90).
2320
Let q(x) = -19825*x + 1546356. What is q(78)?
6
Let r(n) = -n**2 + 149*n - 4964. Determine r(47).
-170
Let l(u) = -u**3 - 8*u**2 + 92*u - 82. Calculate l(-14).
-194
Let v(s) = -44*s**2 - 66*s - 311. Calculate v(-6).
-1499
Let a(r) = 1749*r**2 + 491466*r - 840. Determine a(-281).
3
Let k(l) = -27*l**3 + 405*l**2 + 5*l - 17. Give k(15).
58
Let l(g) = g**2 + 128*g - 12815. Determine l(63).
-782
Let y(i) = 149337*i + 1045383. Determine y(-7).
24
Let m(s) = s**2 - 52053*s - 260293. Determine m(-5).
-3
Let g(z) = -37824*z - 76393. Give g(-2).
-745
Let q(c) = -c**3 - 84*c**2 + 262*c + 379. What is q(-87)?
292
Let q(a) = 2398*a**2 - 251795*a + 512. What is q(105)?
-13
Let a(u) = -6116*u - 18060. Determine a(-3).
288
Let f(x) = -307*x - 1962. Give f(-9).
801
Let z(n) = -9*n**3 + 3*n**2 + 837*n - 3346. What is z(4)?
-526
Let v(n) = -108393*n + 2276238. Give v(21).
-15
Let j(l) = 5*l**2 + 289*l - 34275. What is j(59)?
181
Let u(h) = -211*h - 12068. Determine u(-57).
-41
Let b(f) = -f**2 - 129921*f - 909390. Calculate b(-7).
8
Let g(a) = 11*a**3 - 3*a**2 - 158*a - 766. Give g(-5).
-1426
Let k(n) = -2*n**2 - 6332*n + 433182. Calculate k(67).
-40
Let w(a) = -4543*a - 31746. Calculate w(-7).
55
Let d(c) = 2243*c**2 + 213082*c - 74. Give d(-95).
211
Let s(t) = 331*t - 8494. What is s(18)?
-2536
Let p(u) = 2*u**2 - 72*u - 954. Calculate p(46).
-34
Let v(z) = -1931*z + 397786. What is v(206)?
0
Let o(t) = t**3 - 9*t**2 + 443*t + 3083. Calculate o(-6).
-115
Let w(i) = 1055*i**2 + 6323*i + 12. Calculate w(-6).
54
Let n(g) = -7569*g - 7376. Determine n(-1).
193
Let g(t) = 1282*t + 34891. Calculate g(-27).
277
Let r(n) = 793410*n - 3173637. Calculate r(4).
3
Let r(s) = -11*s**3 - 44*s**2 + 7*s - 244. Calculate r(-7).
1324
Let g(k) = 16866*k - 134934. Determine g(8).
-6
Let z(m) = 413*m**3 + 103*m**2 + 113*m + 8. What is z(-1)?
-415
Let p(n) = 123*n + 52. Calculate p(7).
913
Let q(u) = u**2 + 43*u - 701. What is q(19)?
477
Let g(d) = d**2 - 1857*d - 29982. Give g(-16).
-14
Let h(y) = 7*y**3 - 84*y**2 + 16*y - 27. Calculate h(11).
-698
Let q(p) = 2*p**3 + 